Determine l(u).
16
Let c(b) be the first derivative of -b**3/3 - 6*b**2 - b - 19. Let d = -240 + 228. Give c(d).
-1
Let w(g) be the second derivative of -5*g**3/6 + 43*g**2/2 + 35*g - 2. Calculate w(10).
-7
Let o(l) = l**3 - 4*l**2 - 11*l - 10. Let i = -688 - -694. Determine o(i).
-4
Suppose 0 = 9*r - 80 - 10. Let o(l) = -l**3 + 11*l**2 - 10*l + 1. Let i be o(r). Let a(s) be the first derivative of -2*s**2 + 10. Calculate a(i).
-4
Let b = 872 + -884. Let g(c) = -c**2 - 17*c - 27. Determine g(b).
33
Let n(h) = 34*h + 15*h + 36*h - 81*h - 2. Give n(-4).
-18
Suppose 3*c + 11 = -4. Suppose 96 = -9*a + 17*a. Let r(l) = 2*l**2 - 3*l**2 - 6*l - a + 16. What is r(c)?
9
Let w be 45 + (-1 - 0) - 3. Let u = 94 - 137. Let d = u + w. Let f(n) = n**3 + n**2 - 1. Determine f(d).
-5
Suppose -60 = -4*l + 9*l. Let y be ((-8)/(-3))/(-2*4/l). Let d(z) = 7*z**2 - z + 5. Let v(w) = -6*w**2 + w - 6. Let u(g) = y*v(g) + 5*d(g). Calculate u(1).
11
Let c(k) = -3*k**3 + 16*k**2 + 16*k + 25. Let u(i) = -i**3 + 8*i**2 + 8*i + 12. Suppose 85 = -2*d + 19*d. Let t(z) = d*u(z) - 2*c(z). What is t(-7)?
3
Let q(z) = 83*z + 82*z + 87*z + 80*z + 7 - 330*z. Let w = -2 + -4. Give q(w).
-5
Let z(n) be the third derivative of 0*n + 1/24*n**4 - 4/3*n**3 + 2 + 7*n**2. Determine z(8).
0
Let c be 5/(-15) + (-74)/(-6). Suppose 4*l - c = 24. Let h(w) = l - 4*w - 6 - w**2 - 2. Give h(-3).
4
Let q(g) be the first derivative of 16*g**2 + 19*g**2 - g - 58*g**2 + 14*g**2 - 3. Determine q(-1).
17
Let u(w) = w**3 - w**2 + w. Let n(p) = 2*p**2 + 34*p - 51. Let x be n(-19). Let m(i) = -5*i + 126. Let k be m(x). What is u(k)?
1
Let y = -3116 - -3137. Let v(f) = 3*f**2 - 64*f + 34. Give v(y).
13
Let f(u) be the first derivative of 5*u**2/2 + 22*u - 153. Let p(m) = -27*m - 60. Let a be p(-2). Give f(a).
-8
Let r(p) be the third derivative of 0*p + 11/24*p**4 - 1/720*p**6 + 0*p**5 + 0 + 0*p**3 + p**2. Let t(z) be the second derivative of r(z). What is t(-5)?
5
Let h be -2 - 0 - (576/36 - 20). Let x(d) be the second derivative of -34*d - 4*d**h + 1/6*d**3 + 0. Determine x(6).
-2
Let n(h) be the third derivative of h**4/4 + h**3/3 - 6*h**2. Suppose 33*w + 64 + 68 = 0. Give n(w).
-22
Let b(w) = -7*w**3 - 13*w**2 - 8*w + 8. Suppose 24*i - i = -207. Let r(g) = -3*g**3 - 6*g**2 - 4*g + 4. Let n(j) = i*r(j) + 4*b(j). Calculate n(3).
-1
Let g(f) = -2*f**3 - 41*f**2 - 21*f - 30. Let p be ((-80)/(-18))/((-96)/432). Calculate g(p).
-10
Let o(p) = -p**2 + p. Let f = 804 - 805. Give o(f).
-2
Let k(i) = -i**3 - 6*i**2 + 7*i + 3. Let l(h) = -h**2 + 33*h + 52. Let o be l(35). Let b be o/2 + (10 - 8/1). Determine k(b).
3
Suppose -299*p = -285*p - 42. Let q(s) = 0*s**p + 2*s**3 - 1 + 3*s**3 + 88*s**2 - 89*s**2 + 2*s. Suppose 3*c - 6 = -3*t, c + 5*t - 4 = 2*c. Give q(c).
5
Suppose 19*a - 6 = 16*a. Let x be (a - 2) + 8/(-4). Let m(s) be the second derivative of -s**5/20 + s**4/6 + s**2/2 - 3*s - 16. Determine m(x).
17
Suppose -b = -4*b, f - b = 4. Let c(k) = -k - 34. Let v(n) = 3. Let l(j) = f*v(j) + c(j). Calculate l(0).
-22
Let d be 5/20*-4 - -7. Suppose 2*z + m + 2 = 9, -z = -3*m. Let b(h) = 0 + h + 0 - z. Give b(d).
3
Let s(t) = 3*t + 3. Let c(j) = 52*j - 78. Let p be c(2). Suppose -126 = p*g - 8*g. Determine s(g).
-18
Let w(n) = 6*n + 46. Suppose 140 + 201 = -30*k + 41. Calculate w(k).
-14
Let s(q) = -9*q**2 - 11*q + 7. Let y(g) = g**3 - 16*g**2 + 13*g + 37. Let u be y(15). Let c(b) = -5*b**2 - 6*b + 3. Let r(h) = u*c(h) - 4*s(h). Give r(-6).
17
Let p = -58995 + 59014. Let r(o) = -5*o + 21. Let s(k) = 6*k - 20. Let c(v) = -5*r(v) - 4*s(v). Determine c(p).
-6
Let g = -171 + 57. Let h be g/(-14) - 3/(126/6). Let d(f) = -2*f + 15. Give d(h).
-1
Let r(k) be the second derivative of k**5/20 - 11*k**4/6 - 4*k**3 + 16*k**2 - 3*k + 334. Calculate r(23).
9
Let j(b) = b - 6. Let p be (14 + -17)/((-1)/(-3)). Let q be 1*-6*3/p. Give j(q).
-4
Let j(z) = z**3 - z**2 - 3*z + 1. Let w be (-1125)/(7 - 2) + 5. Let d = -218 - w. Give j(d).
-1
Let i(t) = 2443*t + 3 - 1204*t + 4*t**2 - 1214*t. Determine i(-6).
-3
Let w(b) be the second derivative of -7*b**5/10 - b**3/2 + b**2 - 2748*b. What is w(2)?
-116
Let h be (-2)/13 + (-66)/78. Let v be -1 + -14 + h + 8. Let d(l) = 4*l + 5. Let y(m) = 5*m + 4. Let g(b) = -4*d(b) + 3*y(b). What is g(v)?
0
Let h(t) be the second derivative of t**5/10 - 5*t**4/12 - t**3/3 - 3*t**2 - 19*t. Let w be h(3). Let u(g) = -2*g**3 - 4*g**2 + g + 2. What is u(w)?
17
Suppose -5*s - 4 = -4*m, 4*m + 3 = 4*s + 7. Let u be (m/2 - 1)/(4/(-88)). Let a(o) = -5*o + u*o - 11*o. What is a(1)?
-5
Suppose y + 101 = 5*v, -105 = -5*v + 3*y + 2*y. Suppose -v*i + 18*i = -4. Let p(s) = 15*s**3 + 6*s - 14*s + 15*s**3 + 7*s**i - 9 - 29*s**3. Determine p(-8).
-9
Let b(a) = -a**3 - 10*a**2 + 3*a - 24. Let z be -14 - (12 + -10) - -5. Give b(z).
64
Let m(n) = -14*n - 3. Let r(s) be the first derivative of 3*s**2 + s - 114. Let w(p) = -3*m(p) - 8*r(p). Let c(k) = k**2 - 5*k + 1. Let z be c(5). What is w(z)?
-5
Let d(n) = -n**3 - 19*n**2 - 31*n - 231. Suppose -5*w - 125 = 2*w + 1. Give d(w).
3
Let k be (210/(-18) + 11)*-1*3. Let w(s) = -1 - 10*s - 4 - s**k + 8 + 3*s**2. Calculate w(6).
15
Let w(t) = 406 - 691 - 9*t + 376. Determine w(9).
10
Let v(i) = i**3 + 4*i**2 - 12*i - 6. Let j be -1*36/21*448/128. Determine v(j).
-6
Suppose -20*z + 126 = -18*z - a, -5*z + a = -312. Suppose -38 = -25*i + z. Let t(b) = 2*b**2 - 8*b + 2. Calculate t(i).
2
Let p(o) = -2*o**2 + 2 + 6 + o**3 - 6*o - 5. Let f be p(3). Let x be -15*((-2)/(-1) + 10/f). Let j(v) = -v**2 - 6*v + 4. Give j(x).
9
Let d(x) = -x**3 + 26*x**2 + 111*x - 1551. Let o be d(28). Let w(s) = s**3 + 11*s**2 + 2*s + 26. Calculate w(o).
4
Let v(u) = -5*u - 31. Let q(g) = -g - 6. Let t(b) = 11*q(b) - 2*v(b). Let d be ((-42)/6 - -6)*-15. Suppose -55 + d = 8*p. Give t(p).
1
Let g(h) be the second derivative of -h**5/20 - h**3/6 - 2*h**2 - h. Let i be (-56)/(-21) - (-3)/9 - 3. Suppose 6*d - d = i. Give g(d).
-4
Let p(g) = g + 4. Let l be p(-5). Let c(y) = -45*y**3 + 5*y**2 - 2*y + 45. Let z(k) = 22*k**3 - 2*k**2 + k - 20. Let b(d) = -4*c(d) - 9*z(d). Calculate b(l).
17
Let a(o) = o**3 - 10*o**2 - 14*o - 5. Suppose -10*k - 19*k - 226 + 545 = 0. Calculate a(k).
-38
Let c = -581 + 575. Let y = -7 - -10. Let a(r) = y*r**2 + 3 - r**2 - r**2 + 6*r. What is a(c)?
3
Let s(y) be the first derivative of -y**2 - y + 5*y + 8*y - 5 - 3. Let a(n) = -n**3 + 4*n**2 + 1. Let f be a(2). Calculate s(f).
-6
Let v(z) be the second derivative of -z**4/6 - 2*z**3/3 - 4*z**2 - 1033*z. Give v(-7).
-78
Let t(s) = 6*s. Let p = 67 + -65. Suppose 0 = -c, -c - 49 = m + p*c. Let g = 47 + m. Determine t(g).
-12
Let l(x) = 3*x - 66. Let g(b) = -8*b**2 - 34*b + 95. Let n be g(-6). What is l(n)?
-33
Let x(d) = -3. Let n(t) = 6*t - 151. Let g(h) = n(h) + 4*x(h). What is g(25)?
-13
Suppose 0*y + d = 4*y - 41, 2*y + d = 25. Let z(u) = -u**3 + 10*u**2 + 13*u - 21. Determine z(y).
1
Let o = -1 + 1. Let p = 4402 - 4400. Suppose -n + p*n = o. Let k(c) = c**2 + c + 3. Determine k(n).
3
Let o(g) be the first derivative of -g**4/4 - 4*g**3 + 13*g**2/2 + g - 1. Let q(t) = 270*t + 2957. Let w be q(-11). Give o(w).
1
Let x(g) = -37*g + 6. Suppose -995*y = -956*y - 39. What is x(y)?
-31
Let n(t) be the first derivative of -t**5/40 + t**4/8 + 14*t**3/3 - 17. Let d(g) be the third derivative of n(g). Determine d(4).
-9
Let v(o) = -3 + 3 - 2 + 16*o - 11*o. Let q(l) = -2*l + 13. Let u be q(2). Suppose 5 = 5*m, 0 = 4*y + 6*m - 3*m + u. Give v(y).
-17
Let b(n) be the third derivative of 1/4*n**4 + 0*n - 1/3*n**3 + 89*n**2 + 0. What is b(-1)?
-8
Let o(g) = -10*g**3 + 7*g**2 - 12*g - 13. Suppose 28 = 4*b + d, b + 2*d - 2 - 12 = 0. Let k(q) = -q**3 + q**2 - 2*q - 2. Let s(p) = b*k(p) - o(p). What is s(1)?
4
Let c(m) be the first derivative of -m**4/4 + 3*m**3 - m**2 + 15*m - 378. Let x(a) = -a**2 - 8*a + 2. Let w be x(-7). What is c(w)?
-3
Let p(a) = 3*a**2 - 5*a + 1. Let c(x) = 7*x**2 - 10*x + 3. Let f(t) = 4*c(t) - 9*p(t). Suppose 3*s + 4*s = 0. Suppose s = -3*d - d - 24. What is f(d)?
9
Let b(w) = -14*w + 13*w + 37 - 3*w. Determine b(12).
-11
Let y = -363 + 365. Suppose -3 = -3*m - y*p, -4*p - 18 = m - 29. Let q(l) = 8*l**2 - l - 2. What is q(m)?
7
Suppose -7*b = -3*b - 36. Let x(w) = -12*w + 15 - b + 14*w. Suppose 4*s = -4*i + 28, 0 = -3*i - 